ivisor of 8 and y.
4
Let u(n) = -n + 1 - 4*n + 4*n - 5. Let c be u(-18). Calculate the highest common factor of 14 and c.
14
Suppose -4*d = -4 - 12. Suppose 2*m - d = 22. What is the greatest common divisor of 104 and m?
13
Suppose 4*d = 0, 112 = 5*g - 5*d - 48. What is the greatest common factor of g and 48?
16
Let s be -119 + 120 - (1 + -1 + 0). What is the greatest common factor of 83 and s?
1
Let j be ((-19)/3)/(1/(-6)). Suppose 11*m - 447 - 750 = -10*m. Calculate the highest common factor of m and j.
19
Let m(s) = -s**2 - 132*s - 458. Let v be m(-128). Suppose 2*o - 12 = -0*o. What is the highest common factor of o and v?
6
Suppose 3*v + v - 12 = 2*w, 22 = 5*w + 3*v. Let b be (4 + 30)*1/w. Let p be -2 - (-5 + 2/2) - -185. Calculate the highest common factor of p and b.
17
Suppose 14*g - 29*g + 6375 = 0. Calculate the greatest common factor of g and 75.
25
Let o = 480 - 469. What is the highest common factor of o and 220?
11
Let x(f) = f**2 + 6*f - 8. Let n be x(-7). Let o be -2 + 216 - (-3 - n). Suppose 2*v - o = -v. What is the highest common factor of v and 9?
9
Let j = 454 + -398. Calculate the highest common factor of j and 8.
8
Suppose 2*c - 24 = -5*u, -3*u + 22 = 2*c + 3*c. Let j be ((-8)/(-14))/(c/14). Let h = -66 - -98. What is the highest common factor of h and j?
4
Suppose -25*g - 840 = -32*g. Calculate the greatest common factor of 216 and g.
24
Suppose 0 = -3*g - 2*b + 19, 3*b - b = g - 1. Calculate the highest common divisor of g and 5.
5
Suppose -8*u = -2*u - 24. Suppose 6 - 2 = 2*a - u*g, -g = 0. What is the greatest common divisor of a and 16?
2
Suppose -102 = -19*u + 468. What is the highest common factor of u and 240?
30
Let z(t) = -4*t**3 - 7*t**2 - 3*t - 4. Let q be z(-5). Let u be (12/(-7))/((-12)/q). Calculate the greatest common factor of 32 and u.
16
Let i be 12/16 + (-714)/(-8). What is the highest common divisor of i and 1440?
90
Let g(i) = -2*i**3 - 11*i**2 + 4*i + 2. Let d be g(-6). Calculate the greatest common factor of 266 and d.
14
Let s(h) = -2*h - 6. Let p be s(-4). Suppose 73 - 1 = 3*r. Suppose r = p*i - 20. What is the highest common divisor of 33 and i?
11
Let d = 60 - 42. Suppose -2*k - 4*f + d = 0, -3*k + 20 - 2 = -3*f. What is the highest common divisor of 77 and k?
7
Let j(x) = 3*x**2 + 27*x - 100. Let g be j(4). What is the greatest common divisor of g and 98?
14
Let s(x) = -3*x**3 + 27*x**2 + 9*x + 18. Let i be s(9). Calculate the highest common factor of 275 and i.
11
Suppose 5*z - 2*t = 35, 4*t = -2*z - 2 - 8. Calculate the greatest common divisor of z and 215.
5
Let v be (-792)/(-57) + (56/(-133))/(-4). What is the highest common factor of v and 238?
14
Let g(f) = f**2 - 2*f + 1. Let u be g(5). Suppose -m = -u - 2. Let n = m - 3. What is the greatest common factor of 60 and n?
15
Let m = -7 + 58. Let d = 72 - m. Calculate the greatest common factor of 7 and d.
7
Suppose 5*h = 0, -6*h = -m - 4*h + 102. Let t = m - 99. Calculate the highest common factor of t and 39.
3
Let j(u) = -u**2 - 13*u + 9. Let x be j(-12). Calculate the greatest common divisor of 84 and x.
21
Let m be (-3)/(-21)*3*7. Suppose 4*q + m*j + 0*j - 50 = 0, -4*j = q - 6. What is the greatest common factor of q and 7?
7
Let p = 16 + 0. Let s(u) = -u**2 - 6*u - 6. Let d be s(-7). Let g be (-3 + d)/(2/(-14)). Calculate the greatest common factor of g and p.
16
Suppose 3*a + 192 = v, 3*v - 590 = -6*a + a. What is the highest common factor of v and 15?
15
Let f be 2 + (-3)/(5 - 4). Let l be f + 1 - 1 - -10. Suppose 3 = -3*m - l, 3*m = -c - 5. What is the highest common factor of c and 28?
7
Let y(v) = -v**3 + 14*v**2 - 10*v - 6. Let d be y(13). What is the greatest common factor of 77 and d?
11
Let u be (16/(-5))/(6/(-15)). Let g = -3 - -7. Let y(a) = 8*a. Let c be y(g). What is the highest common factor of c and u?
8
Suppose -2*q + 1627 = 3*q + 4*t, -4*t + 1300 = 4*q. Let g = q + -191. What is the greatest common divisor of g and 34?
34
Let i be (330/(-12))/(-11)*(506 + 0). Calculate the highest common factor of 23 and i.
23
Let v be 2/(-9) - (-209)/9. Let u(y) = 2*y + 3*y**2 - 8*y + 5 + 2*y + y. Let m be u(3). Calculate the highest common divisor of m and v.
23
Let f be 7/(-42)*-6 + 493. What is the highest common divisor of 26 and f?
26
Suppose 99 = -4*x + 5*x + 5*b, 4*x - 3*b = 327. Let p = x - 80. Let q be 0 + 2/3*3. Calculate the highest common divisor of p and q.
2
Let r = 0 - -24. Suppose -t = t - r. Let q = 1168 + -1036. Calculate the highest common divisor of t and q.
12
Suppose -10 = -c - 4*c. Suppose 19 - 8 = 3*z - c*d, -5*z + d = -23. Calculate the highest common divisor of 35 and z.
5
Suppose -h = 2*a - 9, -2*a + 7 + 8 = 3*h. Suppose 0 = 3*m + a*o - 21, 3*m + 2*o - 21 = 5*o. What is the highest common factor of 21 and m?
7
Suppose 5*x + 4*b - 55 = 5*b, 3*b + 5 = -x. Let a(u) = 10*u**2 + 8*u + 14. Let t be a(-3). What is the highest common divisor of t and x?
10
Suppose -41*a - 183 = -44*a. Let q = a - 55. Let c(g) = g**2 - 1. Let r be c(-5). Calculate the highest common divisor of q and r.
6
Let k(u) = u**2 - 17*u - 6. Let d = 112 - 124. Let a be k(d). What is the greatest common factor of a and 57?
57
Let v(h) = -3*h - 4. Suppose 0 = -3*p + 17 - 5. Suppose p*d + d + 20 = 0. Let q be v(d). What is the highest common divisor of q and 1?
1
Suppose -2*q - d = 2*d - 34, -66 = -4*q - 5*d. Suppose -5*a = -q - 6. Suppose -6*c + a*c = -28. What is the highest common divisor of c and 112?
14
Suppose 28*u - 16 = 30*u. Let v be (6/u)/(3 + (-75)/24). What is the highest common divisor of 66 and v?
6
Let j(i) = -5 + 0*i**2 - i**2 - 15*i + 10*i. Let s be j(-3). Let n(b) = -b**2 - 9*b - 7. Let x be n(-8). Calculate the greatest common divisor of s and x.
1
Let p = -46 + 95. Calculate the greatest common factor of p and 14.
7
Let g be (-3874)/(-11) - 6/33. What is the greatest common divisor of 22 and g?
22
Let q(j) = -j**3 - 9*j**2 - 35*j + 3. Let o be q(-6). Let l = o + -101. What is the highest common divisor of 52 and l?
4
Let b = 14 - -7. Let k = b - 8. Let s be (-3)/2 - 81/(-2). Calculate the highest common divisor of s and k.
13
Let v(a) = -3*a - 12. Let z be v(-4). Suppose -17 = -3*w - 2*y, 3*w + y - 16 = -z*w. What is the greatest common divisor of 10 and w?
5
Let r = 12 + -10. Suppose 0 = r*p - 0*n + 4*n, 3*p = 5*n + 11. Suppose p*j - 52 = -2*j. Calculate the highest common factor of 52 and j.
13
Let w(d) = -2*d + 63. Let n be w(28). Suppose -180 = -n*j + j. Calculate the greatest common factor of j and 6.
6
Let d(o) = o**3 - 7*o**2 + 6*o + 4. Let m be d(6). Suppose -a + m = 3. Let k be ((-44)/(-6))/(4/6). Calculate the greatest common divisor of k and a.
1
Let j(v) be the first derivative of 0*v + v**2 + 7 + 4/3*v**3. Let o be j(3). Calculate the highest common factor of 14 and o.
14
Suppose u = -4*l + 451, -u + 26 = -5*l + 583. Suppose a - l = -6*a. Suppose -2*p = -0*p - a. What is the greatest common divisor of p and 20?
4
Let i(r) = -r**3 + r**2 + 84. Let a be i(0). Let p be ((-72)/a)/((-3)/14). Calculate the highest common divisor of p and 44.
4
Let d be (7/3)/(3/1242). What is the highest common factor of 69 and d?
69
Let p be 1/2 + 27/2. Suppose 0 = 4*d + 3*v - 97, 56*d - 5*v - 165 = 51*d. What is the greatest common divisor of d and p?
14
Let t(k) = -k**2 - k. Let b be t(0). Suppose b = -5*q - 0*q + 25. Suppose 2*u - 4 = -2*u. What is the highest common factor of q and u?
1
Suppose 0 = -2*t + 4*t + 4*q - 36, -4*q + 16 = 0. Suppose -2*v + 5*n + 200 = 0, -v + n + 364 = 3*v. Calculate the greatest common factor of v and t.
10
Let j be ((-2187)/(-36))/(5/20). What is the highest common factor of 1134 and j?
81
Let j = 1089 - 1041. What is the highest common divisor of 128 and j?
16
Let w(j) = 2*j**3 + 2*j**2 + 59*j - 174. Let l be w(3). What is the greatest common divisor of 3075 and l?
75
Suppose 0 = 4*j - 0*j + t - 1564, 772 = 2*j + 3*t. What is the greatest common factor of 24 and j?
8
Suppose 5*n - 831 = 384. Calculate the highest common divisor of 9 and n.
9
Suppose -2*l = -4*y - 32, -3*y - 9 - 15 = -2*l. Let k = 135 - y. What is the greatest common divisor of k and 13?
13
Let n be ((-94)/(-8))/(39/624). Calculate the greatest common divisor of n and 8.
4
Suppose 30*o = 15*o + 5280. What is the greatest common 